0*a - 31. Let s = z + a. What is the units digit of s?
1
Let d(w) = -4*w - 6. Let q = -5 - -3. Let b be 60/(-8) - q/(-4). What is the units digit of d(b)?
6
Let u = -413 + 533. What is the tens digit of u?
2
Let o(m) = -295*m - 95. What is the units digit of o(-4)?
5
Let v = -121 + 252. Let a = v - 55. What is the tens digit of a?
7
Let s(i) = -6*i**3 - 10*i**2 - 26*i - 111. What is the tens digit of s(-9)?
8
Let w(d) = -82*d + 212. What is the tens digit of w(-12)?
9
Let w = -33 + 30. What is the units digit of w/(-5) + 2188/20?
0
Suppose 44*m = 4*m + 68200. What is the hundreds digit of m?
7
Suppose -1280 = -20*l + 25*l. What is the tens digit of (5 - 5)/4 - l?
5
Suppose -4*d + 4*i + 5 = -27, 4*d = 3*i + 27. What is the units digit of d?
3
Suppose 1 = 5*n - 9. What is the tens digit of 2/(152/74 - n)?
3
Suppose 0*q + 3*q = -4*i + 605, -4*q + 2*i + 836 = 0. Suppose 318 = 5*s - q. What is the units digit of s?
5
Suppose 0 = -4*o, 0 = 5*w - 8*o + 3*o + 45. Let v be (2 - 0) + -1 + 21. Let z = v + w. What is the units digit of z?
3
Let q(a) be the third derivative of a**5/30 + 11*a**4/6 - 16*a**3/3 + a**2 - 25. What is the units digit of q(-23)?
4
What is the hundreds digit of -3 - ((-8)/(-2) - (441 + 0))?
4
What is the units digit of (9224/16 - 3)*2?
7
Let g(a) = -8*a - 11. Let u(q) = q**2 - 4*q. Let z be u(3). What is the units digit of g(z)?
3
Let x = 36 - 33. Suppose 0*y - x = 3*y, v - y - 96 = 0. What is the units digit of v?
5
Suppose -5*j + 0*j - 4*a = -68, -j + 19 = -a. Let y be ((-3)/2)/((-8)/j). Suppose y = 4*r - 1. What is the units digit of r?
1
Suppose 2*c + n - 1129 = 0, -70*n - 557 = -c - 68*n. What is the units digit of c?
3
Suppose -5*l + 1790 = 3*t, 27 = 5*l + 7. What is the tens digit of t?
9
Let d(f) = 2 + 8*f**2 - 8*f + 2*f + 8*f. What is the tens digit of d(3)?
8
Let x(k) = -k**2 + 3*k + 8. Let q be 1 + (-1 - -3) + 1. Let g be x(q). Suppose g*w - 3*o = -8*o + 85, -w + 37 = -4*o. What is the tens digit of w?
2
Let x = 2505 + -679. What is the thousands digit of x?
1
Suppose 5*c + 990 - 6305 = 0. What is the thousands digit of c?
1
Suppose 0 = -18*v + 18101 + 10357. What is the tens digit of v?
8
Suppose -1 - 107 = 3*v. Suppose -2*q + 72 + 44 = 5*i, -4*q - i + 250 = 0. Let t = q + v. What is the tens digit of t?
2
Let n(s) = s**2 + 2*s + 1. Let q be n(-4). Let c = 247 + -208. Suppose -q = -2*x + c. What is the units digit of x?
4
Let a(g) be the first derivative of 2*g**3 + 3*g**2/2 - 4*g - 7. What is the units digit of a(-4)?
0
Let t(a) = -2*a**3 - 2*a**2 - 3*a + 11. What is the units digit of t(-6)?
9
Suppose u = 4*u + n - 7594, 3*u + 3*n - 7602 = 0. What is the hundreds digit of u?
5
Suppose -6*w + 5910 = -8874. What is the units digit of w?
4
Suppose -207 = 5*d - 8*d. Suppose -d = -4*s - v, 2*v - 22 = -2*s + 8. Suppose -2*p = -60 + s. What is the units digit of p?
1
Let m(h) = -h**3 - 4*h**2 - 2*h - 3. Let b be m(-4). Let u be 2 + -2 + (b - 3). What is the units digit of 1/(1/8) - u?
6
Suppose -2*s - 3 = -3*p - 0*p, -3*p - 3 = -4*s. Suppose 4*o - 2*c = 552, -s*o + 5*c = -o - 284. What is the units digit of o?
7
Suppose -2*n + 2 = -n. Suppose n*k - 1 = 3. Suppose 0 = 2*r - k, -2*f + 2*r = 6*r - 22. What is the units digit of f?
9
Let k(q) be the third derivative of -q**5/60 - q**4/12 + 7*q**3/6 - 6*q**2. Let r be k(-3). What is the units digit of ((-3)/9)/(r/(-108))?
9
Suppose 2*b = 6*b + 12. Let n = 8 + b. Suppose -m - 3*l = -6, -m + 4*l - n*l = -12. What is the tens digit of m?
1
Let p be 8/6*45/30. Let w(a) = 0*a**2 + 2*a**2 - 1 + a**2. What is the units digit of w(p)?
1
What is the tens digit of (1/3*-362)/((-44)/198)?
4
Let v = -58 - -47. Let t = v + 58. What is the units digit of t?
7
Let u = -133 - -257. What is the tens digit of u?
2
Let b = 8 + -3. Let v(k) = -11*k - 94. Let f be v(-7). Let r = b - f. What is the tens digit of r?
2
What is the units digit of (-13872)/(-80)*(20 + -5)?
1
Let q(i) = -45*i**2 + 0*i + 20*i**2 - 9*i**3 + 17*i**2 - 5*i + 4. What is the hundreds digit of q(-3)?
1
Let p be 12 + (6/2 - 0). Suppose t = -2*t + p. Suppose 4*o - 97 = 3*f, t*o + 4*f - 2*f = 150. What is the tens digit of o?
2
Let k(t) = -t**3 + 14*t**2 + 3*t + 2. Let l(v) = v + 24. Let f be l(-10). What is the units digit of k(f)?
4
Let h(m) = -m**3 - 3*m**2 + 29*m + 18. What is the hundreds digit of h(-16)?
8
Suppose -5*u - y = -2295, 7*y = 2*u + 2*y - 891. What is the tens digit of u?
5
Suppose 8*t = 12 + 4. Let v(p) = 5*p**2 - 4*p + 2 - 3 + 5. What is the tens digit of v(t)?
1
Suppose 13*p = 15*p - 180. What is the units digit of 8319/45 + (102/p - 1)?
5
Let a(x) = -31*x**3 - x**2 - 3*x - 13. What is the tens digit of a(-3)?
2
Suppose y + 49 = 5*b - 2*b, 4*b - 4*y = 52. Let w be (-4)/(-18) + 158/b. What is the tens digit of (0 + -3)*(-165)/w?
5
Let r = 14 - 11. Suppose -2*n - 5 = -r*n. Suppose 0 = i - n*w + 16 - 5, 0 = w - 4. What is the units digit of i?
9
Let b(r) = -22*r + 397. What is the tens digit of b(0)?
9
Let b be (-7)/(-6) - 1 - (-3)/(-18). Suppose -3*x + b*x = -138. What is the tens digit of x?
4
Let h be ((-4)/6)/(8/120). Let f be (h/(-15))/((-3)/36). What is the units digit of (f/2)/2 + 15?
3
Let d = 872 + -379. What is the hundreds digit of d?
4
Let o(s) = -5*s**3 - s**2 + 4*s - 3. Let m = -7 - -3. Let x be o(m). Suppose 0 = 13*n - 8*n - x. What is the tens digit of n?
5
Let t(b) = b**2 + b + 1. Let h(c) = -4*c**2 - 17*c + 6. Let z(i) = h(i) + 5*t(i). Let f be z(13). What is the tens digit of (f*1 + -4)*2?
4
Suppose 28 = a - 4*x, -3*a = -3*x - 112 - 17. Suppose 10*w = 2*w + a. What is the units digit of w?
6
Let w = 12 + 0. What is the units digit of w/54 - 475/(-9)?
3
Let d(h) = -6*h**3 + 9*h**2 + 3*h - 8. Let x(f) = 5*f**3 - 8*f**2 - 3*f + 9. Let b(g) = 4*d(g) + 5*x(g). What is the hundreds digit of b(7)?
1
Let t(o) = 2*o + 8. Let x be t(-6). Let v be ((-21)/12 + 2)*x. What is the units digit of ((-39)/6 + v)*-2?
5
Let g be (88/(-8) - -8)*(-1 - 154). Suppose -16*w + g = -11*w. What is the tens digit of w?
9
Let a(s) = 287*s**2 + 9*s - 10. What is the tens digit of a(1)?
8
Let l(p) = -7*p**2 + 118*p - 4. What is the hundreds digit of l(12)?
4
Suppose 136*z = 591650 + 186950. What is the thousands digit of z?
5
Suppose 4*f - 13 = 35. Let x = f + -10. Suppose c + x = 2*c. What is the units digit of c?
2
Suppose 2*r - 3*r + 128 = 0. Let f = 241 - r. What is the hundreds digit of f?
1
Suppose 5*w = -2*u - 99 + 1721, -1582 = -2*u + 5*w. What is the tens digit of u?
0
Suppose g + 3*t - 5022 = 0, 5*g - 7*t + 3*t = 25129. What is the thousands digit of g?
5
Let y(a) = 9*a - 10. Let h be y(7). Let w = -6 + h. What is the units digit of w?
7
Let a = 67 - -86. Suppose -a = -5*k - 38. What is the tens digit of k?
2
Suppose -427 = u - 597. What is the units digit of u?
0
Let s be (3248/35)/(4/20). Let q = s + -225. What is the units digit of q?
9
Suppose -4*n = -3*o + 27, -o + 12 = 2*o + n. Suppose 0 = -o*m + 2*d + 242, m - 5*d = 3*m - 91. What is the tens digit of m?
4
Suppose 0 = -4*c + 107 - 3. Let f = c + -24. Suppose f*i - 6*i + 56 = 0. What is the tens digit of i?
1
Let x = -37 + 83. Let q = -85 + x. What is the tens digit of (q/2)/((-1)/2)?
3
Let h(t) = t**2 + t - 14. Let m be h(-5). Suppose 0 = m*b - b + 3*u - 298, 5*b = -4*u + 299. What is the tens digit of b?
5
Let v(s) be the first derivative of 2*s**3 - 3*s**2/2 + 3*s + 7. Let p be v(-3). Suppose j = -j + p. What is the units digit of j?
3
Let s(v) be the second derivative of -11/6*v**3 + 1/12*v**4 + 11/2*v**2 + 4*v + 0. What is the units digit of s(11)?
1
Suppose 44*n - 650 = 39*n. Let p be (0 + -5 + 2)*-1. Suppose p*a = n + 59. What is the units digit of a?
3
Let d = 2836 + -1979. What is the tens digit of d?
5
Suppose 0 = -3*h - 5 + 14. Suppose h*k = -k + 24. Let b(f) = 4*f. What is the units digit of b(k)?
4
Suppose -4 = 4*u + 8. What is the tens digit of (354/10 + u)*5?
6
Let u be (-16)/4 - (-8)/2. Suppose -558 = -5*n + i, u*n + 3*i = -3*n + 324. What is the tens digit of n?
1
Suppose -32 = -5*w + 323. Let t = 81 - w. What is the tens digit of t?
1
Let c(g) = g**3 + 17*g**2 + 3*g - 37. What is the tens digit of c(-15)?
6
Let g = 42 + 3. What is the units digit of g/35 + -1 + 1111/7?
9
Suppose -5*x + 4886 = 2*a - 1455, 4*a = -2*x + 2546. What is the hund